est common factor of 2 and o.
2
Let i be (90/(-7))/((-1)/7). What is the highest common divisor of 18 and i?
18
Suppose 4*d - 30 = 3*g, -3*d = 5*g - 40 + 3. What is the highest common factor of d and 6?
3
Suppose 0*v + 4*v + 115 = 3*y, 2*v + 25 = -5*y. Let f = -13 - v. Suppose -149 - 175 = -3*m. Calculate the highest common factor of m and f.
12
Suppose o - 4 = -0*o. What is the highest common divisor of 1 and o?
1
Let i = 8 - -1. Let o(v) = v**2 - 10*v + 6. Let a be o(9). Let x = 24 - a. What is the greatest common divisor of x and i?
9
Let g be (-617)/(-4) - 1/4. What is the highest common factor of 14 and g?
14
Suppose u - 42 = -0*u. Calculate the greatest common factor of 14 and u.
14
Let r = -1001 - -1483. Suppose 20 - r = -3*l. What is the highest common factor of l and 14?
14
Suppose -5*n = -s + 77, -3*n = -s - 0*s + 77. Let p be ((-4)/3)/(2/9). Let x = 13 + p. What is the highest common divisor of s and x?
7
Let b be ((-28)/3)/(2/(-63)). Suppose b = -4*p - 3*m + 985, 5*p + 2*m = 855. Let v be p*(2 - 1) + 2. What is the highest common factor of 19 and v?
19
Let z(p) = -p**3 + 8*p**2 + 4*p + 13. Let m be z(8). What is the highest common divisor of 45 and m?
45
Suppose -4*d + 9*d = v - 26, 58 = 4*v + 3*d. What is the highest common divisor of v and 40?
8
Let w be (96/5)/(27/450). Calculate the greatest common factor of w and 32.
32
Let c(i) = 2*i**3 - i. Let t be c(1). Calculate the highest common divisor of 9 and t.
1
Let a be (-3)/(-2 - (-46)/26). What is the highest common divisor of 117 and a?
13
Let b(t) = t**3 - 7*t**2 - 6*t + 4. Let k be b(8). What is the greatest common divisor of k and 20?
20
Let c(v) = 2 + 8*v - v - 6*v. Let b be c(2). What is the highest common factor of 6 and b?
2
Let s be (6 - 2)*1/2. Suppose -2*m - 64 = -6*m. Calculate the highest common divisor of s and m.
2
Let t be 0 + -20 + (8 - 5). Let l = t - -35. Calculate the highest common factor of l and 90.
18
Let f be 1 - (-40 + (4 - (3 - 1))). Calculate the highest common factor of 13 and f.
13
Let z be (-10)/(-40) - (-518)/8. Calculate the highest common divisor of 26 and z.
13
Let t = -128 - -168. What is the highest common divisor of 8 and t?
8
Let z = -15 + 27. Let g(c) = -7*c - 3*c + 2*c. Let j be g(-1). Calculate the highest common factor of z and j.
4
Let t = 4 + 0. Suppose -t*b + 264 = -5*m + m, 5*b - 346 = m. What is the highest common factor of b and 10?
10
Let v be 3 + (-3 - (0 - 5)). Suppose -v*d = -2*w - 81 - 5, -w = 2*d - 38. What is the greatest common divisor of 12 and d?
6
Suppose 3*q + 0*q = -12. Let p be 139/2 + (-2)/q. Let r be 38/4 + 2/4. Calculate the greatest common factor of r and p.
10
Suppose 4*j - 16 = 0, -2*n = 2*n + 3*j - 84. Let d = -295 + 457. Calculate the greatest common divisor of d and n.
18
Suppose -2*u + 33 + 3 = 4*m, 0 = 5*u - 3*m - 129. Let j be (-1)/(-1 - 7/(-8)). What is the greatest common divisor of j and u?
8
Let w(q) = q**2 - 4*q. Let a be w(4). Let t = 2 + a. Suppose 0 = 4*l - 2*h - 30, -3*l + 2*h = -0*h - 20. Calculate the greatest common factor of t and l.
2
Let k(r) = r**2 - r. Let w be k(-8). Let m = 8 - 0. What is the highest common divisor of m and w?
8
Suppose -2*r = -2*m - 0*m + 6, 2*r = 0. Let y be (4/m)/((-14)/(-21)). Suppose -y*u + 57 = u. Calculate the highest common factor of u and 209.
19
Suppose -5*p - 12 = 8. Let c be 6/(-4)*p/3. Let i = 0 + 14. Calculate the highest common factor of c and i.
2
Let x = 81 + -70. Calculate the greatest common factor of x and 341.
11
Let c be 5 + ((-1)/3 - 6/(-18)). Calculate the greatest common factor of 45 and c.
5
Let g(a) = a**2 - a - 13. Let y be g(-12). Calculate the highest common factor of y and 13.
13
Let g(h) = 2*h + 5. Let n be g(4). What is the greatest common factor of 39 and n?
13
Let i(x) = -7*x + 10. Let a be i(-9). Let u be (-7)/28 - a/(-4). Suppose -3*f - 18 = -5*f. What is the highest common factor of u and f?
9
Suppose 3*v + 0*v + 3*a = 57, 4*v + 3*a = 81. What is the greatest common divisor of 8 and v?
8
Let h be (-1615)/(-10) - 2/4. Calculate the greatest common divisor of h and 23.
23
Let g be (-2 - (-8)/5) + (-154)/(-35). What is the greatest common factor of g and 20?
4
Let z be 185 + 4*2/4. Let u = z - 106. Suppose n = -5*s + 100, 0 = -5*s - 4*n + u + 4. What is the greatest common factor of s and 14?
7
Suppose -15*g + 1680 = g. Calculate the greatest common divisor of 45 and g.
15
Suppose 5*f - 144 = 131. What is the highest common divisor of f and 22?
11
Let w be -81 - (3 - 0 - 2). Let i = 132 + w. Calculate the highest common factor of 20 and i.
10
Let i(y) = -13*y - 12. Let v be i(-4). Calculate the highest common factor of 5 and v.
5
Suppose -k + 135 = 41. Suppose -2*m + 146 + k = 0. Calculate the highest common factor of m and 15.
15
Suppose 0 = -4*c + 50 + 26. Suppose 11 = 5*p - c. What is the greatest common factor of 48 and p?
6
Let h = 26 + 65. Suppose 0 = -b - 5 + 18. Calculate the highest common factor of h and b.
13
Suppose -4*y + 2*w + 133 = 5*w, 4*y - 123 = -5*w. Calculate the greatest common divisor of 37 and y.
37
Let z = 4 - 1. Let d(p) = p**3 - p - 4. Let n be d(z). What is the highest common factor of 5 and n?
5
Suppose 0 = -3*z + 13 + 2. Let s = z - 3. Let i = 8 - s. What is the highest common divisor of i and 9?
3
Let y(i) = i**2 + 4*i + 7. Let v be (-7)/3 - 3/(-9). Let t be (v + -8)/(2/1). Let b be y(t). Calculate the highest common divisor of b and 3.
3
Let n(a) = 7*a + 5. Let s be n(4). Suppose -2*l = 2*u + 22, 2*l + 3*u + 18 = -4. Let v be l/(2/4*-2). Calculate the highest common divisor of s and v.
11
Suppose -u = 30 - 32. Let r(q) = -q**2 + 6*q - 4. Let o be r(5). Calculate the greatest common factor of o and u.
1
Let l(h) = h + 7. Let m be l(-6). Let t be ((-34)/(-1))/(2 - m). Suppose 3*r + t = -5*f + 129, 0 = -3*f - 6. Calculate the highest common divisor of 7 and r.
7
Let q be (-100)/(-5) + -4 - 0. Calculate the greatest common factor of 16 and q.
16
Suppose 0*f = f - 2*r - 10, -27 = -2*f - 3*r. Calculate the greatest common divisor of f and 60.
12
Let q be ((-1)/3)/(2/(-12)). Let o(b) = -b + 8. Let r be o(-10). What is the highest common factor of r and q?
2
Let u = -26 + 80. Let t be -4*(-3)/18*u. Calculate the greatest common divisor of 18 and t.
18
Let j be 6/(5 + -2) + 12. Suppose x - 105 = -2*x. What is the highest common factor of j and x?
7
Let c(a) = a**3 - 4*a**2 + 3*a - 2. Let w be c(3). Let q = -1 - w. Let s = q + 12. What is the highest common factor of s and 91?
13
Suppose -w + 1 = -4. Suppose 2*x = 5*x + 2*t - 234, 5*t = w*x - 415. Let i = x + 11. Calculate the highest common divisor of i and 13.
13
Let z be -3*6/9 + 5. Let f(r) = -19*r - 2. Let y be f(-2). Let c = -21 + y. Calculate the greatest common factor of c and z.
3
Suppose n - 6*n = -75. Suppose 0 = -3*r, -2*y - 3*r + 5 = -7. What is the highest common divisor of y and n?
3
Suppose -2*t = -3*m + 2*t + 19, -3*m + 2*t = -17. Calculate the highest common factor of 40 and m.
5
Let k be 2 - -1*22*7. Suppose 2*g = -g + k. Calculate the greatest common divisor of g and 13.
13
Let g be -2 + (23 - 0) - 1. Calculate the highest common factor of g and 180.
20
Let s(r) = -r**2 + 26. Let b be s(0). Let x = 36 - b. Calculate the greatest common factor of 15 and x.
5
Let f be 58/18 + (-12)/54. Suppose -f*u + 6*u = 3*j - 75, 0 = -4*j + 5*u + 105. What is the highest common factor of j and 4?
4
Suppose 4 = a + m + 3, 4*m = -2*a - 6. Suppose 0 = -5*z - o - 586, -3*z = -4*z - a*o - 98. Let f = z + 271. Calculate the greatest common divisor of 17 and f.
17
Let j(i) = i**2 + 3*i - 3. Let r be j(-6). Let x(s) = -2*s + 14. Let p be x(-8). Calculate the highest common factor of p and r.
15
Suppose 540 = 4*h - b, -5*b = -3*h - 0*b + 405. Suppose -m = 2*m - h. What is the highest common divisor of m and 9?
9
Let m(j) = 8*j - 5*j + 2*j**2 - 5*j. Let l be m(11). Calculate the greatest common divisor of 20 and l.
20
Let w(b) = -b**3 - 4*b**2 - 6*b. Let l(h) = 3*h**3 + 9*h**2 + 13*h. Let a(c) = -2*l(c) - 5*w(c). Let f be a(3). What is the highest common factor of 1 and f?
1
Suppose 37 = 4*k + k - 3*x, 0 = 4*k + 4*x - 4. Suppose 4*w - 9 = v, 0 = k*v + 2*w - 40 - 3. Let s = 69 - 34. Calculate the greatest common divisor of s and v.
7
Suppose -3 + 27 = -3*i. Let f be 